uppose 2*l + 9700 = 52*l. Calculate the remainder when l is divided by 22.
18
Suppose -1765*y - 2475 = -1776*y. What is the remainder when y is divided by 57?
54
Let b = -17 - -86. Suppose -3*x - 51 = -6*x + 3*h, -b = -5*x + h. Let o(g) = 5*g**2 - g - 4. What is the remainder when o(3) is divided by x?
12
Let g = -92 + 117. Calculate the remainder when 66 is divided by g.
16
Suppose 4*y = -13 + 53. Let p(u) = -7*u**2 - u + 2. Let g be p(3). Let m = 102 + g. What is the remainder when m is divided by y?
8
Let b = -192 - -278. Let j = b + -44. What is the remainder when j is divided by 15?
12
Suppose 3*r + 2*v = -217, 7*v = -r + 2*v - 55. Calculate the remainder when (-10)/3*r/10 is divided by 9.
7
Suppose 38 = 16*u - 138. Let y be (-3)/(-1) - (1 - 4). Suppose -y*a + 168 = -2*a. Calculate the remainder when a is divided by u.
9
Let x = 710 + -552. What is the remainder when x is divided by 32?
30
Suppose -2268 = -15*w + 2667. What is the remainder when w is divided by 115?
99
Let d be (-16)/12*(-174)/4. Let l = -41 + d. What is the remainder when 32 is divided by l?
15
Suppose 2*o - 6*d + 4*d = 72, 0 = o + 3*d - 52. What is the remainder when 144 is divided by o?
24
Suppose -156 = -4*f + 2*f. What is the remainder when f is divided by 8?
6
What is the remainder when (((-2)/4)/(-1))/((-5)/(-2720)) is divided by 11?
8
Let h = 561 - 539. What is the remainder when 83 is divided by h?
17
Suppose 85 = 7*a - 2*a. Suppose -4*p = -31 - a. Calculate the remainder when ((-15)/p)/(4/(-128)) is divided by 14.
12
Let x = -23 + 25. Let s(z) = -2*z**3 - z**2 + 0*z + 0 - 2*z + 4 - 3*z**x. What is the remainder when s(-3) is divided by 8?
4
Let l = 71 - 8. Let x = l + -54. Let g(w) = 2*w**2 - 4*w + 3. Calculate the remainder when x is divided by g(2).
0
Suppose -4*f - 243 = -7*f. Calculate the remainder when 152 is divided by f.
71
Let q = -2335 - -2517. Calculate the remainder when q is divided by 51.
29
Let u(a) = -a**2 - 5*a - 2. Let i be u(-2). Suppose -3*m = 2*s - 6, -4*m + 6 + i = 3*s. What is the remainder when 17 is divided by s?
5
Let g = 40 - 66. Let b = 15 + g. Calculate the remainder when 11 is divided by -9*(b/3 - -3).
5
Let u(y) = -7*y**3 + y**2. Let k be u(-1). Suppose k = c - 71. Calculate the remainder when c is divided by 9.
7
Let b(p) = -p**3 + 6*p**2 - 20*p + 78. What is the remainder when 41/(0 + (-3 - -4)) is divided by b(5)?
2
Let y(u) = 7*u - u**2 + 1008 - 1008. What is the remainder when 27 is divided by y(6)?
3
Calculate the remainder when 66 is divided by (-29)/(-116) - (-230)/8.
8
Let b = 1031 - 674. Calculate the remainder when b is divided by 102.
51
Let n = 1862 - 1749. Calculate the remainder when n is divided by 105.
8
Let j = -82 + 136. Let v(y) = -y - 2. Let z be v(-6). Suppose z - j = -5*l. What is the remainder when 17 is divided by l?
7
Let h = -399 + 237. Let r = h + 186. What is the remainder when 82 is divided by r?
10
Let c = 131 + -70. Calculate the remainder when c is divided by 4/10*2 + (-304)/(-20).
13
Suppose 2*i - 4 = -12. Let x = i - -6. Suppose 635 = -10*k + 705. Calculate the remainder when k is divided by x.
1
Let p be (-16)/6 + (-2)/6. Suppose -3*g = -18*q + 17*q - 1, -2*q + 8 = 4*g. Calculate the remainder when (-1)/p - (-28)/6 is divided by q.
1
Calculate the remainder when 56 is divided by 17 - 13/(78/12).
11
What is the remainder when 127 is divided by 43*(-3 + 2)/(-4 + 3)?
41
Let a = 4 + 0. Suppose 36 = -a*t + 4. Let s(o) = 2*o**2 + 13*o - 10. Calculate the remainder when 40 is divided by s(t).
12
Suppose -21*j - 476 + 1631 = 0. Suppose 0*n + 3*n + 45 = 0. Let b = 4 - n. What is the remainder when j is divided by b?
17
Suppose 5*t - 250 + 95 = -v, 0 = -t - 5. Suppose v = 2*j + 2*j. Calculate the remainder when j is divided by 234/10 - 14/35.
22
Let t be (-2)/(-13) + 564/52. Suppose -g + 1 = -t. What is the remainder when 47 is divided by g?
11
Suppose -188*a + 178*a + 30 = 0. Suppose -2*y + 0*y + 20 = 0. What is the remainder when y is divided by a?
1
Let s = -33 + 415. Let i = -260 + s. Let t = i + -39. What is the remainder when t is divided by 21?
20
Suppose 0 = -20*a + 2527 - 367. Suppose 7 = -h + 18. What is the remainder when a is divided by h?
9
Let o = 43 - 25. Calculate the remainder when ((-150)/(-2))/(231/154) is divided by o.
14
Let y be (-8)/4*(-2 - 5). Let u(x) = 17*x - 5*x**2 + 2 + 2 + 14 + 4*x**2. What is the remainder when u(y) is divided by 21?
18
Let k(f) be the second derivative of -3*f**3/2 + 7*f**2/2 - 7*f. What is the remainder when k(-3) is divided by 13 + 0 + -1 + 0?
10
Calculate the remainder when (11 + 9)*(-27)/15*-1 is divided by 6.
0
Let x = 26 - 22. Suppose -2*n - 78 = -5*j, -2*j + x*n = -8 - 36. Calculate the remainder when 24 is divided by j.
10
Let s = -2803 - -3273. What is the remainder when s is divided by 158?
154
Let h = 212 + -128. Suppose -11*d + h = -9*d. Calculate the remainder when 167 is divided by d.
41
Let r(o) = o**3 - 8*o**2 - 18*o - 2. Calculate the remainder when 47 is divided by r(10).
11
Let b = 7 + -7. Let i = 1 - b. What is the remainder when (-3 + 72)*i - 2 is divided by 14?
11
Suppose 287 - 401 = -6*b. Calculate the remainder when 189 is divided by b.
18
Suppose 3*y - 47 = -2*h, -h = 4*y + 3*h - 56. Suppose -3*z + 21 = -5*l, 2*z - 3*l - 5 = 4*z. What is the remainder when y is divided by 23/z + 7/(-14)?
8
Suppose 5 = -3*x + 11. Let r(m) = 1 - 1 + m**x - 2*m + 1 + 0*m**2. Calculate the remainder when 17 is divided by r(-2).
8
Suppose 910 = -17*g - 1402. Let r = g + 181. Calculate the remainder when r is divided by 21.
3
Suppose 0 = 18*l - 23*l + 2005. Calculate the remainder when l is divided by 67.
66
Suppose -n = n + 4*d - 540, -775 = -3*n + d. What is the remainder when n is divided by 55?
40
Let d = 472 - 444. Calculate the remainder when 166 is divided by d.
26
Let y = 20 - 15. Suppose 0 = 3*h - g - 16, -3*h + 27 + 5 = -y*g. Suppose 43 = h*t - 61. Calculate the remainder when t is divided by 9.
8
Suppose 4*c - 20 = 0, 102 = -4*y - c + 551. What is the remainder when y is divided by 39?
33
Suppose 0*i - 4*d - 20 = -2*i, -d = -3*i + 10. Suppose i*q + 2*b - 106 = -0*q, -44 = -q + 2*b. What is the remainder when (-8)/(-16)*(q - -2) is divided by 7?
5
Let u = 1722 + -1709. Let c(s) = s**2 - 7*s + 3. What is the remainder when u is divided by c(7)?
1
Let a(o) = -2 + 1 - 1 + 10*o**2. Suppose 36*l - 4404 = 960. Calculate the remainder when l is divided by a(2).
35
Let p(h) = 2*h + 26. Calculate the remainder when (-44)/(-1) + 16/4 is divided by p(0).
22
Let y be (-1)/(-5 + 3)*(-5 + 15). Suppose s + 8 = y*s. Let k = -3 - -5. Calculate the remainder when s is divided by k.
0
Let x(u) = u**2 + 74. Let p be x(9). Let r = p - 130. Calculate the remainder when r is divided by 15.
10
Let b = 370 + -258. Suppose -449*m = -436*m - 299. Calculate the remainder when b is divided by m.
20
What is the remainder when 31 is divided by (4/5 + 0)/(18/90)?
3
Suppose -4*h - 2*m = -152, -4*h + 103 + 69 = -3*m. What is the remainder when 635 is divided by h?
35
Let p(s) = 3*s + 57. Let c be p(-22). Calculate the remainder when 76 is divided by 3/c - (3 - (-290)/(-15)).
12
Suppose 0 = -2*t + 6*t + 88. Let u = -16 - t. What is the remainder when 37 is divided by (-3)/(-1*u/40)?
17
Let a be (-60)/9*165/(-10). Let r = a + -56. Calculate the remainder when r is divided by 8.
6
Calculate the remainder when 115 is divided by 43 - (1 + -1 - 1) - 4.
35
Let m = 45 - 27. Suppose 5*z = 0, 2*z = 3*d - z - 54. Let b = -13 + d. What is the remainder when m is divided by b?
3
Let d = -13 - -13. Suppose 0 = -d*r - 3*r + 228. Calculate the remainder when r is divided by 13.
11
Let l(m) = m**3 - 2*m**2 - 3*m + 182. What is the remainder when l(0) is divided by 63?
56
What is the remainder when 0 - -3 - 12 - -1215 is divided by 31?
28
Let x(u) = -4*u - 18. Let l be x(-5). Suppose l*c + 3*o + 43 = 6*c, 3*c - 25 = -5*o. Calculate the remainder when 38 is divided by c.
8
Let f(v) = v + 10. Let n be f(9). Let i = n + 8. Calculate the remainder when 53 is divided by i.
26
Suppose -21*n + 861 = -2079. Calculate the remainder when n is divided by 36.
32
Let g(k) = -56*k - 37. Let t be (-1 + (-2)/6)*3. Calculate the remainder when 438/8 - 1/t is divided by g(-1).
17
Let p(g) = -g**3 + 12*g**2 + 13